 + t. Let w = f - -32. What is the units digit of w?
7
Let q = -56 + 67. Let m(w) = w**2 - 11*w + 4. Let i be m(q). Suppose i*a + 5*n = 357, n - 26 = -4*a + 343. What is the tens digit of a?
9
Suppose 4*c - 118927 = 3*u, -4*c + 2*u = 7*u - 118919. What is the ten thousands digit of c?
2
Let g(o) = -o**3 + 105*o**2 - 188*o - 5. What is the thousands digit of g(102)?
2
Let u = 940 + -1465. Let w = u + 776. What is the units digit of w?
1
Let f(a) be the second derivative of a**3/3 - 5*a**2 + 5*a. Let l be f(7). Suppose -3*j + 6 = 0, -c - l*j + 35 = -0*c. What is the tens digit of c?
2
What is the thousands digit of (-1122)/(9 - 1419/154)?
5
Suppose -2*k = 2*v - 154, -162 = -4*v + 5*k + 137. What is the tens digit of (-73)/2*(-456)/v?
1
Let m(g) = g**2 + 13. Let j be m(-8). Let n = 112 - j. What is the units digit of 1416/15 + (-14)/n?
4
Let g = -24437 - -43922. What is the tens digit of g?
8
Let c(g) = g**2 + 22*g + 127. Let m be c(-15). What is the thousands digit of ((-2)/11 + (-9499)/(-154))*m?
1
Suppose c = -14 + 79. Let d = c - 85. Let h = d - -39. What is the units digit of h?
9
Let r = -1052 + 2864. What is the tens digit of r?
1
Let q(l) = -9522*l - 4091. What is the hundreds digit of q(-4)?
9
Let g = 36804 + -24576. What is the ten thousands digit of g?
1
Suppose 4*f + 2*i = -i - 41, 2*i = -3*f - 30. Let g be 2*-16*4/f. Let m(x) = 5*x + 15. What is the tens digit of m(g)?
9
Let j(l) = -l**3 - 5*l**2 - 7*l - 9. Let v = -464 - -456. What is the hundreds digit of j(v)?
2
Suppose -5*i - 58 = -3*p - 164, -i = -2*p - 59. What is the tens digit of (-925)/(-9) + (-6)/p?
0
Let v(b) = 2*b**2 + 44*b + 19. Let i be v(-22). What is the hundreds digit of (i - 15)*(1 - -163)?
6
Let z(a) = -a**3 - 12*a**2 - a + 19. Suppose 250 = -13*p + 55. Let g be z(p). Suppose 3*c = 6*c - 2*i - g, 0 = c - 3*i - 227. What is the hundreds digit of c?
2
Suppose -21063 = -3*i - 4*m, 4*m + 20980 = 3*i - 59. What is the tens digit of i?
1
Let c = 69 + -19. What is the units digit of (-185*(-6)/c)/((-1)/(-10))?
2
Suppose -12*p - 1940 = -2*p. Let i be (-10 + 8)/(4/p). Let x = i + -77. What is the tens digit of x?
2
Let c be (5 + 18/(-4))*95*2. Let j = 53 - c. What is the units digit of (90/(-54))/(1/j)?
0
Suppose 0 = c - 2*t - 1456, -4*c - c = 5*t - 7265. Suppose 0 = -5*d - h + c, -h - 1165 = -3*d - d. What is the units digit of d?
1
Let y be (368/6)/(21220/(-1770) - -12). Suppose y = 14*d - 6766. What is the tens digit of d?
7
Suppose 13*l - 2 = 15*l. Let w be 60/14 - l - (-8)/(-28). Suppose 2*j = 5*h + 247, w*j - 3*h - 129 = 479. What is the hundreds digit of j?
1
Let x(w) be the third derivative of 26*w**2 - 1/8*w**4 + 0*w + 0 + 1/60*w**5 - 1/24*w**6 - 1/6*w**3. What is the tens digit of x(-2)?
4
Let u(y) = -y + 1. Suppose -2*d - 20 = 2*d. Let r be u(d). What is the units digit of 3*(-4 + r + 4)?
8
Suppose -67*v = 34*v - 757666 - 341012. What is the thousands digit of v?
0
Let q = -33099 - -50003. What is the thousands digit of q?
6
Suppose -a = -4*u - 37, 4*u + 18 = 3*a - 29. What is the units digit of 1*(u/28 + 2046/7)?
2
Suppose n + 5*j - 647 = 0, -3*n = 340*j - 341*j - 1941. What is the units digit of n?
7
Let w(c) = 4197*c - 65. What is the hundreds digit of w(1)?
1
What is the units digit of 46*20/12*(-732)/(-8)?
5
Suppose -57*s + 16*s + 515360 = -21*s. What is the ten thousands digit of s?
2
What is the thousands digit of (7 - (-36)/(-6))/(-1 + 28408/28406)?
4
Let m = 8 + -5. Let l(a) = a**2 - a - 2. Let r be l(m). Suppose -4*j = 4, -r*j - 279 = -2*v - 5*j. What is the hundreds digit of v?
1
Let a = 0 + 0. Suppose a = 10*n - 2*n - 40. Suppose -150 = -7*x + 2*x + n*u, -2*x + 3*u + 61 = 0. What is the units digit of x?
9
Suppose -9 = -z - 4. Suppose 2*p = -4*x + 1914, -z*x + 0*p = 4*p - 2385. What is the hundreds digit of x?
4
Let h(x) = 6231*x**2 + 11*x - 17. What is the units digit of h(1)?
5
Let j(i) = 10575*i + 882. What is the tens digit of j(1)?
5
Suppose 55*j + 24103 = 56*j - o, 0 = -2*j + o + 48199. What is the ten thousands digit of j?
2
Let j(h) = -2*h**3 - 4*h**2 - h + 4. Let f be (0 + -1 + 0)*(-20 - -20). Suppose -5*x = -s - 2*s, -2*s - 10 = f. What is the units digit of j(x)?
5
Let t(d) = -d**3 + 33*d**2 - 48*d - 85. What is the ten thousands digit of t(-28)?
4
Let o(a) be the third derivative of a**5/60 + 5*a**4/24 + 25*a**3/6 - 5*a**2. Let j be 13/2*(-2 - 0). What is the units digit of o(j)?
9
What is the units digit of (-136)/(25 + -59) - (-7849 + -1)?
4
What is the thousands digit of ((-294)/(-315))/(1/6)*6780/4?
9
Suppose -11*o + 6*o - 11682 = -2*m, o = 2*m - 11674. What is the thousands digit of m?
5
Let f(x) be the second derivative of -29*x**3/3 - 2*x**2 - 7*x. Let n be f(-3). Let z = n - 92. What is the units digit of z?
8
Suppose -4*x = -2*t - 460, 4*t - x = -187 - 733. Let y be t*3/(-18)*3. Let z = 20 + y. What is the hundreds digit of z?
1
Let i = 611 + -315. Let y = i + -48. What is the hundreds digit of y?
2
Let s = 244360 - 159058. What is the tens digit of s?
0
Suppose -c - d - 9 = -3*c, -4*c - 17 = 5*d. Let f(g) = -13*g**3 - 2*g**2 + 3*g - 7. Let v be f(c). Let j = v - -273. What is the tens digit of j?
6
Let b = 12728 - 2257. What is the units digit of b?
1
Let b(n) = 12*n + 64. Let m be b(-5). Suppose 2*f + 5*p - 739 = f, -m*f = 4*p - 2892. What is the tens digit of f?
1
Let a(i) = -2*i**2 + i - 1. Let t(o) = -o**2 - 4*o + 77. Let n(k) = -a(k) + t(k). Let q be (-2)/(-4)*(0 + 0). What is the units digit of n(q)?
8
What is the units digit of (-606)/20 + 30 + (-259986)/(-20)?
9
Suppose -g - 17 = -4*w - 41, -2*g - 17 = 5*w. Suppose 4*q + 200 = -s - 3*s, -g*q = -3*s - 122. Let j = -24 - s. What is the units digit of j?
2
Let g be (-11)/(363/41855) + 4/(-6). Let b = g - -2366. What is the units digit of b?
7
Let q = 19 - -93. Suppose a = 5*v + 23, 0 = -4*v - 0*v - 16. Suppose -w + 54 = 2*d - d, a*w - q = -2*d. What is the tens digit of d?
5
Let c(n) = n**3 - 16*n**2 + 15*n + 23. Let m = -9 - -36. Suppose 0 = -3*g + 5*p + 40, -2*g = p - 4*p - m. What is the units digit of c(g)?
3
Let r(h) = -h**3 - 7*h**2 + 2*h + 6. Let i be r(-5). Let k = -62 - i. What is the hundreds digit of (-1 - k)*-1*2400/(-112)?
1
What is the hundreds digit of (-22)/(-1 - 1209/(-1222))?
0
Let w(m) = 28*m - 8 + 57*m + 426*m. What is the units digit of w(1)?
3
Let a(m) = 26*m**3 - 2*m**2 + 26*m - 38. What is the tens digit of a(7)?
6
Let h = 8566 + -2159. What is the units digit of h?
7
Suppose w + 3 = 0, -w - 8652 = -5*k + 7166. What is the thousands digit of k?
3
Suppose -29*y + 330 = -7*y. Let q = -11 - -22. Suppose 164 = y*z - q*z. What is the tens digit of z?
4
Suppose 4*l - 37471 = -5*i, 0 = 19*l - 14*l - 4*i - 46849. What is the thousands digit of l?
9
Let c(i) = -4*i**2 - 12 + 5*i**2 + 3*i - 2. Let r be c(3). Suppose -2*a + 156 = r*t, -a - 5*t = 4*a - 365. What is the units digit of a?
8
Suppose -2*l + 340 = -5*x, -3*x - x - 680 = -4*l. Let j = 36 + l. What is the hundreds digit of j?
2
Let q(z) = z + 22. Let x be q(-27). What is the units digit of 2/(-5) + x*34370/(-250)?
7
Let x(j) = -9*j - 32. Let l(f) = f**2 + 9*f - 14. Let i be l(-10). Let a be x(i). Suppose 6*p - p = -4*v + 648, -a*v = -p - 648. What is the units digit of v?
2
Let q be -4 + (-20)/4 + 3. What is the units digit of q*3/(-18) - -341?
2
Let k = -5525 - -9631. What is the thousands digit of k?
4
Let s be ((-56)/(-35))/((-2)/10). Let y(q) = 16*q**2 + 2*q - q - 35 - 16*q**2 + 2*q**2. What is the units digit of y(s)?
5
Let c(f) = 10*f**3 + 3*f**2 - 3*f - 3. Let u(t) = -t - 1. Let p(w) = -c(w) + 3*u(w). What is the hundreds digit of p(-4)?
5
Let r = -157 + 161. Suppose 0 = -3*j + 2*b - b + 3527, 0 = -3*j + r*b + 3542. What is the units digit of j?
4
Suppose -4*r + 4*q = -120, 79*r - 83*r + 118 = -5*q. Let x(h) = h**3 - h**2 + h. Let j be x(2). Let l = r - j. What is the tens digit of l?
2
Let t be (263 + 5)/(-2 - -4). Let q = 29 + -60. Let c = q + t. What is the units digit of c?
3
Suppose -11 + 8 = -v. Suppose 5*a + u - 1040 = -3*u, -v*a - 5*u = -637. What is the units digit of a?
4
Let q(k) = 11*k**3 + 7 - 7 - 2 + k**2. Let o be q(2). Suppose -4*h + 171 = -a, -2*h - 2*a = -4*a - o. What is the tens digit of h?
4
Let z be 199518/51 + 42/(-357). Suppose 13*w - 9114 = z. What is the tens digit 